et p = 18 - 20. Suppose -2 - 20 = -2*g. Let k(x) = -2*x**2 - 1 + 0*x**2 + 13*x - g*x. Give k(p).
-13
Let l(o) = 7*o + 4. Let y(b) = -11*b - 2. Let f(c) = 3*l(c) + 2*y(c). Calculate f(14).
-6
Let q be (-1)/(-4) - 17/4. Let j(u) be the third derivative of u**5/120 + u**4/24 + 10*u**3/3 - 12*u**2. Let c(o) be the first derivative of j(o). What is c(q)?
-3
Let x(n) = -3*n**2 + 3*n**2 + n**2 + 17 - 1931*n + 1942*n. What is x(-5)?
-13
Suppose -202*p = -197*p - 5. Let o(n) = -8*n**2 - n + 1. Calculate o(p).
-8
Let j(f) be the third derivative of -f**6/12 - 5*f**2 - 2*f. What is j(1)?
-10
Suppose -6*u + 14 = 44. Let y(q) = 3*q + 1. Give y(u).
-14
Let z be (-2 + -6)*3/4. Let l be 2/3 - 32/z. Let d(i) = -i**3 + 6*i**2 - 3*i**3 + 1 + 3*i**3. What is d(l)?
1
Let s be 30/5 + 5 + -8. Let c(h) = h**3 - 6*h**2 + 2*h - 3. Let u(y) = y**3 + 3*y**3 + 2 + 6*y**2 - 5*y**3 - 3*y. Let r(x) = s*c(x) + 2*u(x). Calculate r(6).
-5
Let f(v) = 3*v**2 + v**2 + 5 - 3*v - v**2 + v**2 + v**3 - 8*v**2. Give f(4).
-7
Let d(a) = -16*a - 40. Let m be d(7). Let s = m + 149. Let h(q) = -q**2 - 4*q + 2. Calculate h(s).
5
Suppose a = -2*p - 3*a + 4, 0 = -4*a + 20. Let c(f) = -2*f - 14. Give c(p).
2
Let s(x) = -5*x - 84. Let g(n) = 3*n + 46. Let h(y) = 7*g(y) + 4*s(y). Give h(0).
-14
Let n(a) = -a**3 + 20*a**2 + 49*a - 95. Let v be n(22). Let b(y) = -y**2 + 17*y - 36. Give b(v).
-6
Let z(d) be the second derivative of -d**3 - d**2 - 2*d. Let h be (-4)/(-12) + 11/3. Let c(o) = 7*o + 3. Let v(m) = h*c(m) + 5*z(m). Give v(-4).
10
Let s(n) = -5*n + n**2 + 5*n + 7 - 6*n. Let h = 3114 - 3108. Calculate s(h).
7
Let o(n) be the first derivative of n**4/12 - n**3/2 + n**2/2 + 5*n + 6. Let g(w) be the first derivative of o(w). Determine g(2).
-1
Let s be 0*(-5)/(-15) - -4. Suppose -2*x + 4*o = 0, s*o = -2*x - x + 20. Let d(j) = j**2 - 3*j - 5. What is d(x)?
-1
Let z be (9/(-15 + 6))/((-2)/(-18)). Let h(q) = q**3 + 9*q**2 + q + 1. Determine h(z).
-8
Let y(a) = a - 1. Suppose -20*v = -19*v - 3. Let d be -2 - (-1)/(3/9). Let c(s) = -2*s + 9. Let m(w) = d*c(w) + v*y(w). Give m(-6).
0
Let x(z) = z**2 + 7*z - 8. Let l be x(-9). Let m = -11 + l. Let s be (1 + m)*6/(-18). Let t(o) = o - 5. Calculate t(s).
-5
Let y(i) = 7*i**2 - 9*i - 2. Let z(v) = -8*v**2 + 11*v + 1. Let f(m) = 7*y(m) + 6*z(m). Suppose 5*k = -3*x - x - 46, -5*k - 5*x = 50. Give f(k).
10
Let u(d) = -2*d + 11. Suppose 5*l - 43 = -2*z + 8*l, 0 = 5*l + 25. What is u(z)?
-17
Suppose 19*i - 4*i - 60 = 0. Let j(p) = -5 + 3 - 1 + p. Determine j(i).
1
Let k(l) = -9*l + 7. Let w(h) = h - 6. Let t(x) = -2*x + 5. Let p(s) = -3*t(s) - 2*w(s). Let i(a) = -2*k(a) - 5*p(a). Calculate i(4).
-7
Let h(p) be the first derivative of p**4/4 + 11*p**3/3 - p**2 - 16*p + 304. Calculate h(-11).
6
Let p(d) = -d - 1. Let o(u) = u + 4. Let r = -23 + 22. Let k(c) = r*o(c) - 5*p(c). Give k(2).
9
Suppose 14*l - 30*l = 0. Let r(j) = 2*j + 1. What is r(l)?
1
Let y be 1512/396 + (-4)/(-22). Let o(m) be the first derivative of -2 + 3*m**y + 0*m**3 + 0*m - 1/2*m**2. Calculate o(-1).
-11
Let h(k) be the second derivative of k**3/6 + 2*k**2 - 78*k. Let v = -5 - -7. Suppose 0 = -2*f - 2*i + 2, 4*i = 2*f + 2 + v. Give h(f).
4
Suppose -2 = 2*q + 3*u - 12, -2*u - 25 = -5*q. Let z(a) = 6*a + 1. Let d(k) = 3*k + 1. Let v(s) = q*d(s) - 3*z(s). Suppose 3 = -5*y + 4*y. Give v(y).
11
Let u be (-5 + 20)/3 - 18. Let i(a) = a**2 + 12*a + 11. What is i(u)?
24
Let o(l) = l**3 + 5*l**2 - 6*l - 1. Let h be o(-6). Let j be 8/6*9/6. Let n(d) = 1 - 2*d**2 - 12*d**3 - 5 + 3 + 16*d**3 - j*d. Give n(h).
-5
Suppose 4*u + 5*h + 5 - 17 = 0, -4*u = 2*h. Let w(q) = -q**2 - 7*q + 1. Let g be w(-7). Let d(p) = -26*p + 27*p + g + 3. Calculate d(u).
2
Let u = 201 - 144. Let r be u/12 - (-1)/4. Let s(j) = -j**3 + 4*j**2 + 6*j + 4. Give s(r).
9
Let x(a) = -2*a**2 - 5*a - 4. Let q = 2 + -5. Let s be x(q). Let m(l) = 3*l + 43. Let f(r) = r + 15. Let c(v) = 17*f(v) - 6*m(v). Give c(s).
4
Let z(d) = -2*d**3 - 2*d**2 + 1. Suppose -40 = 3*r + 2*r. Let m = 11 + r. Suppose -x - 3*t = -2*t - 6, 0 = m*x + 2*t - 13. Give z(x).
-3
Let h(a) = a**2 - 3*a + 1. Suppose -16 = -5*s - p - 6, 0 = 4*p - 20. Calculate h(s).
-1
Let c(n) be the third derivative of -3*n**4 - n**3/3 - 192*n**2. Calculate c(1).
-74
Let o(a) = 12*a - 10. Let b(y) = -43*y + 32. Let t(n) = -2*b(n) - 7*o(n). Suppose -5 = 2*d + 7. Determine t(d).
-6
Let x(l) = l - 4. Let y = -1371 + 1368. Determine x(y).
-7
Let n(u) = u**3 - u**2 - 7. Suppose -4*k + 3*d = -0*d - 236, 0 = -5*d - 20. Suppose -3*y = 4*m - 8*y + 70, 3*m + k = 2*y. Let a = -20 - m. Give n(a).
-7
Let r be (-11)/66 + (185/(-6))/(-5). Let i(u) = -2*u - 2. Let w(n) = 2*n + 1. Let l(k) = 6*i(k) + 7*w(k). Determine l(r).
7
Let h(f) be the second derivative of f**4/12 + f**2/2 - 637*f. What is h(-1)?
2
Let d(i) = 3*i**2 + 3. Let l(f) = 2*f**3 + 31*f**2 + 21*f + 93. Let j be l(-15). Determine d(j).
30
Let f = -12 - -13. Let a(x) = 65*x**3 + 7*x**2 + 7*x + 3. Let c(r) = 43*r**3 + 5*r**2 + 5*r + 2. Let y(h) = 5*a(h) - 7*c(h). Determine y(f).
25
Let t = -8 + -50. Let d = 64 + t. Let y(o) = -2*o + 1. Calculate y(d).
-11
Let z(x) = x + 9. Let p(q) = -q**2 + 9*q. Suppose r = 4*y - 24, 0 = 7*y - 3*y + 3*r - 40. Let i(a) = -a + 16. Let w be i(y). Let s be p(w). Determine z(s).
9
Suppose -103 + 169 = 11*c. Let i(s) = s**3 - 6*s**2 + 7*s - 9. What is i(c)?
33
Let q(b) = -3*b**3 - 3*b + 2*b + 0*b. Let o(g) = g**3 - 4*g**2 - 1. Let f(j) = j**2 + 7*j - 14. Let w be f(-9). Let c be o(w). Determine q(c).
4
Let x(z) = z**3 + 4*z**2 + 2*z + 3. Suppose -6*n + 4*n - 24 = 0. Let i be n/(-8)*(-12)/6. What is x(i)?
6
Let p(h) = -4 - 4 - 6*h + 13 + 2*h + h**2. Give p(4).
5
Suppose 0 = 3*n + 2*n - 15. Let d(r) = n*r - 1 - 5*r**2 - r**3 + 5*r + 2 + 5. Suppose 7*s - 2*s - 13 = 3*w, 5*s + 29 = -4*w. Determine d(w).
-6
Let v be (-4)/6*(-60)/(-8). Let n(q) = 16*q - 16. Let u(w) = -3*w + 3. Let k(s) = 2*n(s) + 11*u(s). What is k(v)?
6
Let a(b) = -8*b**2 - 7*b - 20. Let z(u) = -3*u**2 - 4*u - 9. Let g(j) = 2*a(j) - 5*z(j). Suppose -m = 3*m - 20. Determine g(m).
10
Let t = 9 - 17. Let z = 10 + t. Let p(v) = -6 + 6*v**2 + 0*v**2 + 14 + v**3 + z*v. Give p(-6).
-4
Suppose 0 = -82*o + 50 + 524. Let k(h) = -h**2 + 7*h. Give k(o).
0
Let b(n) = n**2 + 10*n - 1. Let z be (-1 + 2)/(7/(-77)). Give b(z).
10
Suppose 0 = -n - d - 4*d - 18, 26 = 3*n - 5*d. Let k be ((-30)/(-9))/((-4)/(-6)). Let t(l) = -2*l - 4*l**2 - 2 + 3*l**2 + k*l. Determine t(n).
0
Let t(c) = 2*c + 16. Let w(o) = 4*o + 30. Let s(k) = 5*t(k) - 2*w(k). What is s(-14)?
-8
Suppose -4*n = -n - 9. Suppose -2*h = 4*b + 18, 2*b + 3*h - n = 6*h. Let l(j) = 4*j - 47 + j + 48 + 6*j - 8*j. Give l(b).
-8
Let k(w) = -w. Let h(l) = 1. Let o(b) = 5. Let a(f) = 6*h(f) - o(f). Let u(z) = a(z) - 4*k(z). Determine u(-3).
-11
Let o = 19 + 8. Suppose -12*l - o = -3*l. Let z(c) = c + c**3 - 3*c + 0*c + 3*c**2. Determine z(l).
6
Let t(w) = w**2 - 8*w. Suppose -7*c + 5 - 19 = 0. Let s(x) = -8*x - 9. Let l be s(c). Determine t(l).
-7
Let u(f) = -f**2 + 6*f - 6. Let h be u(4). Suppose -5*v - 15 = -5*n, 5*v + n = -h*n - 23. Let s(o) = -1 + 3 - o**3 - 5*o + 0*o**2 + 1 - 6*o**2. Determine s(v).
-9
Let x = -266 - -267. Let o(y) = 5*y**2 + 3*y - 2. What is o(x)?
6
Suppose 2*q - 4 = -0*q. Suppose 2*v + 5*l - 32 = 0, v + q*l = 11 + 3. Let a(u) be the first derivative of u**4/4 - 5*u**3/3 - 7*u**2/2 + u + 1. Determine a(v).
-5
Let l(h) = h**2 + 5*h - 1. Let a = -155 + 147. Calculate l(a).
23
Let d(z) = z**3 - 10*z**2 - 2*z + 12. Suppose 3*o + 1 = -5. Let f(v) = 3*v**2 - 2. Let x be f(o). Determine d(x).
-8
Let k(j) be the third derivative of -j**6/120 + j**5/30 - j**4/6 + j**3/2 - 33*j**2. Determine k(2).
-5
Suppose -2*b = 2 - 6. Let u(x) = -19*x**b + 43*x**2 + 1 - 27*x**2 - x**3. What is u(-3)?
1
Let n = -576 - -567. Let w(z) = -z**2 - 8*z - 8. Give w(n).
-17
Let q(a) be the second derivative of a**3/6 + a**2/2 + 8*a - 3. Give q(13).
14
Let i(y) = -3*y**3 - y**2 + 5*y + 15. Let o(u) = -13*u**3 - 5*u**2 + 21*u + 66. Let x(b) = 9*i(b) - 2*o(b). What is x(-2)?
9
Let c(d) = 6*d - 1. Let p(z) = -13*z + 3. Let s(g) = 5*c(g) + 2*p(g). What is s(1)?
5
Suppose 5*g + 455 = 2*v - 3*v, 2*g - v + 175 = 0. Let h = -87 - g. Let n(d) = 0*d + 3 + 1 - d. What is n(h)?
1
Let s(u) = u**3 + 3*u**2 + 10*u + 19. Let t(r) = 3*r